{"id":63438,"date":"2025-01-23T19:33:52","date_gmt":"2025-01-23T18:33:52","guid":{"rendered":"https:\/\/mysa-home.ch\/immobilien\/1538263de-vendu-conthey-charmant-local-de-plain-pied\/"},"modified":"2026-05-01T08:34:35","modified_gmt":"2026-05-01T06:34:35","slug":"1538263de-vendu-conthey-charmant-local-de-plain-pied","status":"publish","type":"casawp_property","link":"https:\/\/mysa-home.ch\/de\/immobilien\/1538263de-vendu-conthey-charmant-local-de-plain-pied\/","title":{"rendered":"VENDU &#8211; Conthey &#8211; charmant local de plain-pied"},"content":{"rendered":"<h2>Conthey, charmant local commercial avec cachet \u00e0 vendre<\/h2>\n<p>Situ\u00e9 au coeur du pittoresque village de Plan-Conthey (\u00e0 700m des centres commerciaux et \u00e0 4 minutes de l&#8217;\u00e9cole primaire), joli local commercial \/ caf\u00e9 \/ restaurant de 116 m2 de plain-pied situ\u00e9 dans une maison de Ma\u00eetre de 1850.<\/p>\n<p>Distribution :\u00a0<br \/>&#8211; Vaste pi\u00e8ce lumineuse avec acc\u00e8s de plain-pied<br \/>&#8211; Cuisine \u00e9quip\u00e9e<br \/>&#8211; W.-C. hommes et femmes<br \/>&#8211; Grande salle avec acc\u00e8s direct depuis le Nord<\/p>\n<p>Annexes :\u00a0<br \/>&#8211; Cave<br \/>&#8211; Place de parc ext\u00e9rieure (CHF 15&#8217;000.- en sus)<\/p>\n","protected":false},"excerpt":{"rendered":"<p>Conthey, charmant local commercial avec cachet \u00e0 vendre Situ\u00e9 au coeur du pittoresque village de Plan-Conthey (\u00e0 700m des centres commerciaux et \u00e0 4 minutes de l&#8217;\u00e9cole primaire), joli local commercial \/ caf\u00e9 \/ restaurant de 116 m2 de plain-pied situ\u00e9 dans une maison de Ma\u00eetre de 1850. Distribution :\u00a0&#8211; Vaste pi\u00e8ce lumineuse avec acc\u00e8s [&hellip;]<\/p>\n","protected":false},"author":0,"featured_media":63439,"parent":0,"menu_order":39,"comment_status":"closed","ping_status":"closed","template":"","meta":{"_acf_changed":false,"inline_featured_image":false,"footnotes":""},"casawp_category":[93,143],"casawp_feature":[29,38,42,116,14,15],"casawp_utility":[20],"casawp_location":[23,124,24],"casawp_salestype":[21],"casawp_availability":[22],"casawp_region":[],"class_list":["post-63438","casawp_property","type-casawp_property","status-publish","has-post-thumbnail","hentry","casawp_category-cafe-bar","casawp_category-retail","casawp_feature-has-parking","casawp_feature-is-allowed-as-secondary-residency","casawp_feature-is-ground-floor","casawp_feature-is-modernized","casawp_feature-is-quiet","casawp_feature-is-sunny","casawp_utility-residential","casawp_location-country_ch","casawp_location-locality_conthey","casawp_location-region_vs","casawp_salestype-buy","casawp_availability-reference"],"acf":[],"yoast_head":"<!-- This site is optimized with the Yoast SEO plugin v27.4 - https:\/\/yoast.com\/product\/yoast-seo-wordpress\/ -->\n<title>VENDU - Conthey - charmant local de plain-pied - MYSA Home S\u00e0rl<\/title>\n<meta name=\"robots\" content=\"index, follow, max-snippet:-1, max-image-preview:large, max-video-preview:-1\" \/>\n<link rel=\"canonical\" href=\"https:\/\/mysa-home.ch\/immobilien\/1538263fr-vendu-conthey-charmant-local-de-plain-pied\/\" \/>\n<meta property=\"og:locale\" content=\"de_DE\" \/>\n<meta property=\"og:type\" content=\"article\" \/>\n<meta property=\"og:title\" content=\"VENDU - Conthey - charmant local de plain-pied - MYSA Home S\u00e0rl\" \/>\n<meta property=\"og:description\" content=\"Conthey, charmant local commercial avec cachet \u00e0 vendre Situ\u00e9 au coeur du pittoresque village de Plan-Conthey (\u00e0 700m des centres commerciaux et \u00e0 4 minutes de l&#8217;\u00e9cole primaire), joli local commercial \/ caf\u00e9 \/ restaurant de 116 m2 de plain-pied situ\u00e9 dans une maison de Ma\u00eetre de 1850. Distribution :\u00a0&#8211; Vaste pi\u00e8ce lumineuse avec acc\u00e8s [&hellip;]\" \/>\n<meta property=\"og:url\" content=\"https:\/\/mysa-home.ch\/immobilien\/1538263fr-vendu-conthey-charmant-local-de-plain-pied\/\" \/>\n<meta property=\"og:site_name\" content=\"MYSA Home S\u00e0rl\" \/>\n<meta property=\"article:modified_time\" content=\"2026-05-01T06:34:35+00:00\" \/>\n<meta name=\"twitter:card\" content=\"summary_large_image\" \/>\n<script type=\"application\/ld+json\" class=\"yoast-schema-graph\">{\"@context\":\"https:\\\/\\\/schema.org\",\"@graph\":[{\"@type\":\"WebPage\",\"@id\":\"https:\\\/\\\/mysa-home.ch\\\/immobilien\\\/1538263fr-vendu-conthey-charmant-local-de-plain-pied\\\/\",\"url\":\"https:\\\/\\\/mysa-home.ch\\\/immobilien\\\/1538263fr-vendu-conthey-charmant-local-de-plain-pied\\\/\",\"name\":\"VENDU - Conthey - charmant local de plain-pied - MYSA Home S\u00e0rl\",\"isPartOf\":{\"@id\":\"https:\\\/\\\/mysa-home.ch\\\/#website\"},\"primaryImageOfPage\":{\"@id\":\"https:\\\/\\\/mysa-home.ch\\\/immobilien\\\/1538263fr-vendu-conthey-charmant-local-de-plain-pied\\\/#primaryimage\"},\"image\":{\"@id\":\"https:\\\/\\\/mysa-home.ch\\\/immobilien\\\/1538263fr-vendu-conthey-charmant-local-de-plain-pied\\\/#primaryimage\"},\"thumbnailUrl\":\"https:\\\/\\\/cdn.casasoft.com\\\/media\\\/provider-13587\\\/property-1538263\\\/b25b950729ffcee1cb2c0b8d7ede2357.jpeg?p=xl\",\"datePublished\":\"2025-01-23T18:33:52+00:00\",\"dateModified\":\"2026-05-01T06:34:35+00:00\",\"breadcrumb\":{\"@id\":\"https:\\\/\\\/mysa-home.ch\\\/immobilien\\\/1538263fr-vendu-conthey-charmant-local-de-plain-pied\\\/#breadcrumb\"},\"inLanguage\":\"de\",\"potentialAction\":[{\"@type\":\"ReadAction\",\"target\":[\"https:\\\/\\\/mysa-home.ch\\\/immobilien\\\/1538263fr-vendu-conthey-charmant-local-de-plain-pied\\\/\"]}]},{\"@type\":\"ImageObject\",\"inLanguage\":\"de\",\"@id\":\"https:\\\/\\\/mysa-home.ch\\\/immobilien\\\/1538263fr-vendu-conthey-charmant-local-de-plain-pied\\\/#primaryimage\",\"url\":\"https:\\\/\\\/cdn.casasoft.com\\\/media\\\/provider-13587\\\/property-1538263\\\/b25b950729ffcee1cb2c0b8d7ede2357.jpeg?p=xl\",\"contentUrl\":\"https:\\\/\\\/cdn.casasoft.com\\\/media\\\/provider-13587\\\/property-1538263\\\/b25b950729ffcee1cb2c0b8d7ede2357.jpeg?p=xl\"},{\"@type\":\"BreadcrumbList\",\"@id\":\"https:\\\/\\\/mysa-home.ch\\\/immobilien\\\/1538263fr-vendu-conthey-charmant-local-de-plain-pied\\\/#breadcrumb\",\"itemListElement\":[{\"@type\":\"ListItem\",\"position\":1,\"name\":\"Startseite\",\"item\":\"https:\\\/\\\/mysa-home.ch\\\/de\\\/\"},{\"@type\":\"ListItem\",\"position\":2,\"name\":\"Immobilien\",\"item\":\"https:\\\/\\\/mysa-home.ch\\\/immobilien\\\/\"},{\"@type\":\"ListItem\",\"position\":3,\"name\":\"VENDU &#8211; Conthey &#8211; charmant local de plain-pied\"}]},{\"@type\":\"WebSite\",\"@id\":\"https:\\\/\\\/mysa-home.ch\\\/#website\",\"url\":\"https:\\\/\\\/mysa-home.ch\\\/\",\"name\":\"MYSA Home S\u00e0rl\",\"description\":\"\",\"publisher\":{\"@id\":\"https:\\\/\\\/mysa-home.ch\\\/#organization\"},\"potentialAction\":[{\"@type\":\"SearchAction\",\"target\":{\"@type\":\"EntryPoint\",\"urlTemplate\":\"https:\\\/\\\/mysa-home.ch\\\/?s={search_term_string}\"},\"query-input\":{\"@type\":\"PropertyValueSpecification\",\"valueRequired\":true,\"valueName\":\"search_term_string\"}}],\"inLanguage\":\"de\"},{\"@type\":\"Organization\",\"@id\":\"https:\\\/\\\/mysa-home.ch\\\/#organization\",\"name\":\"MYSA Home S\u00e0rl\",\"url\":\"https:\\\/\\\/mysa-home.ch\\\/\",\"logo\":{\"@type\":\"ImageObject\",\"inLanguage\":\"de\",\"@id\":\"https:\\\/\\\/mysa-home.ch\\\/#\\\/schema\\\/logo\\\/image\\\/\",\"url\":\"https:\\\/\\\/mysa-home.ch\\\/wp-content\\\/uploads\\\/sites\\\/8\\\/2023\\\/07\\\/logo-mysahome-negatif.svg\",\"contentUrl\":\"https:\\\/\\\/mysa-home.ch\\\/wp-content\\\/uploads\\\/sites\\\/8\\\/2023\\\/07\\\/logo-mysahome-negatif.svg\",\"width\":288,\"height\":154,\"caption\":\"MYSA Home S\u00e0rl\"},\"image\":{\"@id\":\"https:\\\/\\\/mysa-home.ch\\\/#\\\/schema\\\/logo\\\/image\\\/\"}}]}<\/script>\n<!-- \/ Yoast SEO plugin. -->","yoast_head_json":{"title":"VENDU - Conthey - charmant local de plain-pied - MYSA Home S\u00e0rl","robots":{"index":"index","follow":"follow","max-snippet":"max-snippet:-1","max-image-preview":"max-image-preview:large","max-video-preview":"max-video-preview:-1"},"canonical":"https:\/\/mysa-home.ch\/immobilien\/1538263fr-vendu-conthey-charmant-local-de-plain-pied\/","og_locale":"de_DE","og_type":"article","og_title":"VENDU - Conthey - charmant local de plain-pied - MYSA Home S\u00e0rl","og_description":"Conthey, charmant local commercial avec cachet \u00e0 vendre Situ\u00e9 au coeur du pittoresque village de Plan-Conthey (\u00e0 700m des centres commerciaux et \u00e0 4 minutes de l&#8217;\u00e9cole primaire), joli local commercial \/ caf\u00e9 \/ restaurant de 116 m2 de plain-pied situ\u00e9 dans une maison de Ma\u00eetre de 1850. Distribution :\u00a0&#8211; Vaste pi\u00e8ce lumineuse avec acc\u00e8s [&hellip;]","og_url":"https:\/\/mysa-home.ch\/immobilien\/1538263fr-vendu-conthey-charmant-local-de-plain-pied\/","og_site_name":"MYSA Home S\u00e0rl","article_modified_time":"2026-05-01T06:34:35+00:00","twitter_card":"summary_large_image","schema":{"@context":"https:\/\/schema.org","@graph":[{"@type":"WebPage","@id":"https:\/\/mysa-home.ch\/immobilien\/1538263fr-vendu-conthey-charmant-local-de-plain-pied\/","url":"https:\/\/mysa-home.ch\/immobilien\/1538263fr-vendu-conthey-charmant-local-de-plain-pied\/","name":"VENDU - Conthey - charmant local de plain-pied - MYSA Home S\u00e0rl","isPartOf":{"@id":"https:\/\/mysa-home.ch\/#website"},"primaryImageOfPage":{"@id":"https:\/\/mysa-home.ch\/immobilien\/1538263fr-vendu-conthey-charmant-local-de-plain-pied\/#primaryimage"},"image":{"@id":"https:\/\/mysa-home.ch\/immobilien\/1538263fr-vendu-conthey-charmant-local-de-plain-pied\/#primaryimage"},"thumbnailUrl":"https:\/\/cdn.casasoft.com\/media\/provider-13587\/property-1538263\/b25b950729ffcee1cb2c0b8d7ede2357.jpeg?p=xl","datePublished":"2025-01-23T18:33:52+00:00","dateModified":"2026-05-01T06:34:35+00:00","breadcrumb":{"@id":"https:\/\/mysa-home.ch\/immobilien\/1538263fr-vendu-conthey-charmant-local-de-plain-pied\/#breadcrumb"},"inLanguage":"de","potentialAction":[{"@type":"ReadAction","target":["https:\/\/mysa-home.ch\/immobilien\/1538263fr-vendu-conthey-charmant-local-de-plain-pied\/"]}]},{"@type":"ImageObject","inLanguage":"de","@id":"https:\/\/mysa-home.ch\/immobilien\/1538263fr-vendu-conthey-charmant-local-de-plain-pied\/#primaryimage","url":"https:\/\/cdn.casasoft.com\/media\/provider-13587\/property-1538263\/b25b950729ffcee1cb2c0b8d7ede2357.jpeg?p=xl","contentUrl":"https:\/\/cdn.casasoft.com\/media\/provider-13587\/property-1538263\/b25b950729ffcee1cb2c0b8d7ede2357.jpeg?p=xl"},{"@type":"BreadcrumbList","@id":"https:\/\/mysa-home.ch\/immobilien\/1538263fr-vendu-conthey-charmant-local-de-plain-pied\/#breadcrumb","itemListElement":[{"@type":"ListItem","position":1,"name":"Startseite","item":"https:\/\/mysa-home.ch\/de\/"},{"@type":"ListItem","position":2,"name":"Immobilien","item":"https:\/\/mysa-home.ch\/immobilien\/"},{"@type":"ListItem","position":3,"name":"VENDU &#8211; Conthey &#8211; charmant local de plain-pied"}]},{"@type":"WebSite","@id":"https:\/\/mysa-home.ch\/#website","url":"https:\/\/mysa-home.ch\/","name":"MYSA Home S\u00e0rl","description":"","publisher":{"@id":"https:\/\/mysa-home.ch\/#organization"},"potentialAction":[{"@type":"SearchAction","target":{"@type":"EntryPoint","urlTemplate":"https:\/\/mysa-home.ch\/?s={search_term_string}"},"query-input":{"@type":"PropertyValueSpecification","valueRequired":true,"valueName":"search_term_string"}}],"inLanguage":"de"},{"@type":"Organization","@id":"https:\/\/mysa-home.ch\/#organization","name":"MYSA Home S\u00e0rl","url":"https:\/\/mysa-home.ch\/","logo":{"@type":"ImageObject","inLanguage":"de","@id":"https:\/\/mysa-home.ch\/#\/schema\/logo\/image\/","url":"https:\/\/mysa-home.ch\/wp-content\/uploads\/sites\/8\/2023\/07\/logo-mysahome-negatif.svg","contentUrl":"https:\/\/mysa-home.ch\/wp-content\/uploads\/sites\/8\/2023\/07\/logo-mysahome-negatif.svg","width":288,"height":154,"caption":"MYSA Home S\u00e0rl"},"image":{"@id":"https:\/\/mysa-home.ch\/#\/schema\/logo\/image\/"}}]}},"_links":{"self":[{"href":"https:\/\/mysa-home.ch\/de\/wp-json\/wp\/v2\/casawp_property\/63438","targetHints":{"allow":["GET"]}}],"collection":[{"href":"https:\/\/mysa-home.ch\/de\/wp-json\/wp\/v2\/casawp_property"}],"about":[{"href":"https:\/\/mysa-home.ch\/de\/wp-json\/wp\/v2\/types\/casawp_property"}],"replies":[{"embeddable":true,"href":"https:\/\/mysa-home.ch\/de\/wp-json\/wp\/v2\/comments?post=63438"}],"version-history":[{"count":0,"href":"https:\/\/mysa-home.ch\/de\/wp-json\/wp\/v2\/casawp_property\/63438\/revisions"}],"wp:featuredmedia":[{"embeddable":true,"href":"https:\/\/mysa-home.ch\/de\/wp-json\/wp\/v2\/media\/63439"}],"wp:attachment":[{"href":"https:\/\/mysa-home.ch\/de\/wp-json\/wp\/v2\/media?parent=63438"}],"wp:term":[{"taxonomy":"casawp_category","embeddable":true,"href":"https:\/\/mysa-home.ch\/de\/wp-json\/wp\/v2\/casawp_category?post=63438"},{"taxonomy":"casawp_feature","embeddable":true,"href":"https:\/\/mysa-home.ch\/de\/wp-json\/wp\/v2\/casawp_feature?post=63438"},{"taxonomy":"casawp_utility","embeddable":true,"href":"https:\/\/mysa-home.ch\/de\/wp-json\/wp\/v2\/casawp_utility?post=63438"},{"taxonomy":"casawp_location","embeddable":true,"href":"https:\/\/mysa-home.ch\/de\/wp-json\/wp\/v2\/casawp_location?post=63438"},{"taxonomy":"casawp_salestype","embeddable":true,"href":"https:\/\/mysa-home.ch\/de\/wp-json\/wp\/v2\/casawp_salestype?post=63438"},{"taxonomy":"casawp_availability","embeddable":true,"href":"https:\/\/mysa-home.ch\/de\/wp-json\/wp\/v2\/casawp_availability?post=63438"},{"taxonomy":"casawp_region","embeddable":true,"href":"https:\/\/mysa-home.ch\/de\/wp-json\/wp\/v2\/casawp_region?post=63438"}],"curies":[{"name":"wp","href":"https:\/\/api.w.org\/{rel}","templated":true}]}}

<h2>Conthey, charmant local commercial avec cachet à vendre</h2>
<p>Situé au coeur du pittoresque village de Plan-Conthey (à 700m des centres commerciaux et à 4 minutes de l&#8217;école primaire), joli local commercial / café / restaurant de 116 m2 de plain-pied situé dans une maison de Maître de 1850.</p>
<p>Distribution : <br />&#8211; Vaste pièce lumineuse avec accès de plain-pied<br />&#8211; Cuisine équipée<br />&#8211; W.-C. hommes et femmes<br />&#8211; Grande salle avec accès direct depuis le Nord</p>
<p>Annexes : <br />&#8211; Cave<br />&#8211; Place de parc extérieure (CHF 15&#8217;000.- en sus)</p>

<p>Conthey, charmant local commercial avec cachet à vendre Situé au coeur du pittoresque village de Plan-Conthey (à 700m des centres commerciaux et à 4 minutes de l&#8217;école primaire), joli local commercial / café / restaurant de 116 m2 de plain-pied situé dans une maison de Maître de 1850. Distribution : &#8211; Vaste pièce lumineuse avec accès [&hellip;]</p>

<!-- This site is optimized with the Yoast SEO plugin v27.4 - https://yoast.com/product/yoast-seo-wordpress/ -->
<title>VENDU - Conthey - charmant local de plain-pied - MYSA Home Sàrl</title>
<meta name="robots" content="index, follow, max-snippet:-1, max-image-preview:large, max-video-preview:-1" />
<link rel="canonical" href="https://mysa-home.ch/immobilien/1538263fr-vendu-conthey-charmant-local-de-plain-pied/" />
<meta property="og:locale" content="de_DE" />
<meta property="og:type" content="article" />
<meta property="og:title" content="VENDU - Conthey - charmant local de plain-pied - MYSA Home Sàrl" />
<meta property="og:description" content="Conthey, charmant local commercial avec cachet à vendre Situé au coeur du pittoresque village de Plan-Conthey (à 700m des centres commerciaux et à 4 minutes de l&#8217;école primaire), joli local commercial / café / restaurant de 116 m2 de plain-pied situé dans une maison de Maître de 1850. Distribution : &#8211; Vaste pièce lumineuse avec accès [&hellip;]" />
<meta property="og:url" content="https://mysa-home.ch/immobilien/1538263fr-vendu-conthey-charmant-local-de-plain-pied/" />
<meta property="og:site_name" content="MYSA Home Sàrl" />
<meta property="article:modified_time" content="2026-05-01T06:34:35+00:00" />
<meta name="twitter:card" content="summary_large_image" />
<script type="application/ld+json" class="yoast-schema-graph">{"@context":"https:\/\/schema.org","@graph":[{"@type":"WebPage","@id":"https:\/\/mysa-home.ch\/immobilien\/1538263fr-vendu-conthey-charmant-local-de-plain-pied\/","url":"https:\/\/mysa-home.ch\/immobilien\/1538263fr-vendu-conthey-charmant-local-de-plain-pied\/","name":"VENDU - Conthey - charmant local de plain-pied - MYSA Home Sàrl","isPartOf":{"@id":"https:\/\/mysa-home.ch\/#website"},"primaryImageOfPage":{"@id":"https:\/\/mysa-home.ch\/immobilien\/1538263fr-vendu-conthey-charmant-local-de-plain-pied\/#primaryimage"},"image":{"@id":"https:\/\/mysa-home.ch\/immobilien\/1538263fr-vendu-conthey-charmant-local-de-plain-pied\/#primaryimage"},"thumbnailUrl":"https:\/\/cdn.casasoft.com\/media\/provider-13587\/property-1538263\/b25b950729ffcee1cb2c0b8d7ede2357.jpeg?p=xl","datePublished":"2025-01-23T18:33:52+00:00","dateModified":"2026-05-01T06:34:35+00:00","breadcrumb":{"@id":"https:\/\/mysa-home.ch\/immobilien\/1538263fr-vendu-conthey-charmant-local-de-plain-pied\/#breadcrumb"},"inLanguage":"de","potentialAction":[{"@type":"ReadAction","target":["https:\/\/mysa-home.ch\/immobilien\/1538263fr-vendu-conthey-charmant-local-de-plain-pied\/"]}]},{"@type":"ImageObject","inLanguage":"de","@id":"https:\/\/mysa-home.ch\/immobilien\/1538263fr-vendu-conthey-charmant-local-de-plain-pied\/#primaryimage","url":"https:\/\/cdn.casasoft.com\/media\/provider-13587\/property-1538263\/b25b950729ffcee1cb2c0b8d7ede2357.jpeg?p=xl","contentUrl":"https:\/\/cdn.casasoft.com\/media\/provider-13587\/property-1538263\/b25b950729ffcee1cb2c0b8d7ede2357.jpeg?p=xl"},{"@type":"BreadcrumbList","@id":"https:\/\/mysa-home.ch\/immobilien\/1538263fr-vendu-conthey-charmant-local-de-plain-pied\/#breadcrumb","itemListElement":[{"@type":"ListItem","position":1,"name":"Startseite","item":"https:\/\/mysa-home.ch\/de\/"},{"@type":"ListItem","position":2,"name":"Immobilien","item":"https:\/\/mysa-home.ch\/immobilien\/"},{"@type":"ListItem","position":3,"name":"VENDU &#8211; Conthey &#8211; charmant local de plain-pied"}]},{"@type":"WebSite","@id":"https:\/\/mysa-home.ch\/#website","url":"https:\/\/mysa-home.ch\/","name":"MYSA Home Sàrl","description":"","publisher":{"@id":"https:\/\/mysa-home.ch\/#organization"},"potentialAction":[{"@type":"SearchAction","target":{"@type":"EntryPoint","urlTemplate":"https:\/\/mysa-home.ch\/?s={search_term_string}"},"query-input":{"@type":"PropertyValueSpecification","valueRequired":true,"valueName":"search_term_string"}}],"inLanguage":"de"},{"@type":"Organization","@id":"https:\/\/mysa-home.ch\/#organization","name":"MYSA Home Sàrl","url":"https:\/\/mysa-home.ch\/","logo":{"@type":"ImageObject","inLanguage":"de","@id":"https:\/\/mysa-home.ch\/#\/schema\/logo\/image\/","url":"https:\/\/mysa-home.ch\/wp-content\/uploads\/sites\/8\/2023\/07\/logo-mysahome-negatif.svg","contentUrl":"https:\/\/mysa-home.ch\/wp-content\/uploads\/sites\/8\/2023\/07\/logo-mysahome-negatif.svg","width":288,"height":154,"caption":"MYSA Home Sàrl"},"image":{"@id":"https:\/\/mysa-home.ch\/#\/schema\/logo\/image\/"}}]}</script>
<!-- / Yoast SEO plugin. -->

VENDU - Conthey - charmant local de plain-pied - MYSA Home Sàrl

Conthey, charmant local commercial avec cachet à vendre Situé au coeur du pittoresque village de Plan-Conthey (à 700m des centres commerciaux et à 4 minutes de l&#8217;école primaire), joli local commercial / café / restaurant de 116 m2 de plain-pied situé dans une maison de Maître de 1850. Distribution : &#8211; Vaste pièce lumineuse avec accès [&hellip;]

MYSA Home Sàrl
