{"id":56062,"date":"2023-07-17T14:47:51","date_gmt":"2023-07-17T12:47:51","guid":{"rendered":"https:\/\/mysa-home.ch\/immobilien\/1277110de-vendu-studio-dans-une-residence-de-standing\/"},"modified":"2026-05-01T09:00:16","modified_gmt":"2026-05-01T07:00:16","slug":"1277110de-vendu-studio-dans-une-residence-de-standing","status":"publish","type":"casawp_property","link":"https:\/\/mysa-home.ch\/de\/immobilien\/1277110de-vendu-studio-dans-une-residence-de-standing\/","title":{"rendered":"VENDU &#8211; Studio dans une r\u00e9sidence de standing"},"content":{"rendered":"<h2>Studio avec balcon<\/h2>\n<p><strong>RESIDENCE SECONDAIRE\u00a0<\/strong><\/p>\n<p>Ce studio avec balcon, orient\u00e9 plein sud, se situe dans une r\u00e9sidence de standing avec piscine, sauna et terrain de tennis.<\/p>\n<p>Il b\u00e9n\u00e9ficie d&#8217;une vue sur les alpes valaisannes et d&#8217;un ensoleillement optimal toute l&#8217;ann\u00e9e.<\/p>\n<p>Les pistes de ski et le centre de Crans-Montana ne sont qu&#8217;\u00e0 quelques minutes.<\/p>\n<p>Actuellement, cet objet communique avec un autre appartement.\u00a0Quelques petits am\u00e9nagements sont n\u00e9cessaires pour pouvoir profiter de cet appartement et de tous ses avantages.<\/p>\n<p>Le studio est vendu avec un casier \u00e0 ski et une cave.<\/p>\n<p>L&#8217;immeuble a \u00e9t\u00e9 entretenu r\u00e9guli\u00e8rement et le fonds de r\u00e9novation est cons\u00e9quent.<\/p>\n<p>Les charges PPE y compris l&#8217;attribution au fonds de r\u00e9novation sont d&#8217;environ CHF 188.-\/mois.<\/p>\n<p>Cet objet est un pied-\u00e0-terre parfait pour profiter de toutes les activit\u00e9s alpines de la station.<\/p>\n<p>\u00a0<\/p>\n<p>\u00a0<\/p>\n<p>\u00a0<\/p>\n<p>\u00a0<\/p>\n<p>\u00a0<\/p>\n<p>\u00a0<\/p>\n","protected":false},"excerpt":{"rendered":"<p>Studio avec balcon \u00e0 Crans-Montana<\/p>\n","protected":false},"author":0,"featured_media":56063,"parent":0,"menu_order":89,"comment_status":"closed","ping_status":"closed","template":"","meta":{"_acf_changed":false,"inline_featured_image":false,"footnotes":""},"casawp_category":[10],"casawp_feature":[13,12,45,19,50,38,31,14,15,39],"casawp_utility":[20],"casawp_location":[23,51,24],"casawp_salestype":[21],"casawp_availability":[22],"casawp_region":[],"class_list":["post-56062","casawp_property","type-casawp_property","status-publish","has-post-thumbnail","hentry","casawp_category-apartment","casawp_feature-has-balcony","casawp_feature-has-elevator","casawp_feature-has-foreign-quota","casawp_feature-has-mountain-view","casawp_feature-has-swimmingpool","casawp_feature-is-allowed-as-secondary-residency","casawp_feature-is-only-allowed-as-primary-residency","casawp_feature-is-quiet","casawp_feature-is-sunny","casawp_feature-on-a-south-slope","casawp_utility-residential","casawp_location-country_ch","casawp_location-locality_crans-montana","casawp_location-region_vs","casawp_salestype-buy","casawp_availability-reference"],"acf":[],"yoast_head":"<!-- This site is optimized with the Yoast SEO plugin v27.4 - https:\/\/yoast.com\/product\/yoast-seo-wordpress\/ -->\n<title>VENDU - Studio dans une r\u00e9sidence de standing - MYSA Home S\u00e0rl<\/title>\n<meta name=\"robots\" content=\"index, follow, max-snippet:-1, max-image-preview:large, max-video-preview:-1\" \/>\n<link rel=\"canonical\" href=\"https:\/\/mysa-home.ch\/immobilien\/1277110fr-vendu-studio-dans-une-residence-de-standing\/\" \/>\n<meta property=\"og:locale\" content=\"de_DE\" \/>\n<meta property=\"og:type\" content=\"article\" \/>\n<meta property=\"og:title\" content=\"VENDU - Studio dans une r\u00e9sidence de standing - MYSA Home S\u00e0rl\" \/>\n<meta property=\"og:description\" content=\"Studio avec balcon \u00e0 Crans-Montana\" \/>\n<meta property=\"og:url\" content=\"https:\/\/mysa-home.ch\/immobilien\/1277110fr-vendu-studio-dans-une-residence-de-standing\/\" \/>\n<meta property=\"og:site_name\" content=\"MYSA Home S\u00e0rl\" \/>\n<meta property=\"article:modified_time\" content=\"2026-05-01T07:00:16+00:00\" \/>\n<meta name=\"twitter:card\" content=\"summary_large_image\" \/>\n<meta name=\"twitter:label1\" content=\"Gesch\u00e4tzte Lesezeit\" \/>\n\t<meta name=\"twitter:data1\" content=\"1\u00a0Minute\" \/>\n<script type=\"application\/ld+json\" class=\"yoast-schema-graph\">{\"@context\":\"https:\\\/\\\/schema.org\",\"@graph\":[{\"@type\":\"WebPage\",\"@id\":\"https:\\\/\\\/mysa-home.ch\\\/immobilien\\\/1277110fr-vendu-studio-dans-une-residence-de-standing\\\/\",\"url\":\"https:\\\/\\\/mysa-home.ch\\\/immobilien\\\/1277110fr-vendu-studio-dans-une-residence-de-standing\\\/\",\"name\":\"VENDU - Studio dans une r\u00e9sidence de standing - MYSA Home S\u00e0rl\",\"isPartOf\":{\"@id\":\"https:\\\/\\\/mysa-home.ch\\\/#website\"},\"primaryImageOfPage\":{\"@id\":\"https:\\\/\\\/mysa-home.ch\\\/immobilien\\\/1277110fr-vendu-studio-dans-une-residence-de-standing\\\/#primaryimage\"},\"image\":{\"@id\":\"https:\\\/\\\/mysa-home.ch\\\/immobilien\\\/1277110fr-vendu-studio-dans-une-residence-de-standing\\\/#primaryimage\"},\"thumbnailUrl\":\"https:\\\/\\\/cdn.casasoft.com\\\/media\\\/provider-13587\\\/property-1277110\\\/5265221e1d953576dbcc4fbf72a7ee87.jpeg?p=xl\",\"datePublished\":\"2023-07-17T12:47:51+00:00\",\"dateModified\":\"2026-05-01T07:00:16+00:00\",\"breadcrumb\":{\"@id\":\"https:\\\/\\\/mysa-home.ch\\\/immobilien\\\/1277110fr-vendu-studio-dans-une-residence-de-standing\\\/#breadcrumb\"},\"inLanguage\":\"de\",\"potentialAction\":[{\"@type\":\"ReadAction\",\"target\":[\"https:\\\/\\\/mysa-home.ch\\\/immobilien\\\/1277110fr-vendu-studio-dans-une-residence-de-standing\\\/\"]}]},{\"@type\":\"ImageObject\",\"inLanguage\":\"de\",\"@id\":\"https:\\\/\\\/mysa-home.ch\\\/immobilien\\\/1277110fr-vendu-studio-dans-une-residence-de-standing\\\/#primaryimage\",\"url\":\"https:\\\/\\\/cdn.casasoft.com\\\/media\\\/provider-13587\\\/property-1277110\\\/5265221e1d953576dbcc4fbf72a7ee87.jpeg?p=xl\",\"contentUrl\":\"https:\\\/\\\/cdn.casasoft.com\\\/media\\\/provider-13587\\\/property-1277110\\\/5265221e1d953576dbcc4fbf72a7ee87.jpeg?p=xl\"},{\"@type\":\"BreadcrumbList\",\"@id\":\"https:\\\/\\\/mysa-home.ch\\\/immobilien\\\/1277110fr-vendu-studio-dans-une-residence-de-standing\\\/#breadcrumb\",\"itemListElement\":[{\"@type\":\"ListItem\",\"position\":1,\"name\":\"Startseite\",\"item\":\"https:\\\/\\\/mysa-home.ch\\\/de\\\/\"},{\"@type\":\"ListItem\",\"position\":2,\"name\":\"Immobilien\",\"item\":\"https:\\\/\\\/mysa-home.ch\\\/immobilien\\\/\"},{\"@type\":\"ListItem\",\"position\":3,\"name\":\"VENDU &#8211; Studio dans une r\u00e9sidence de standing\"}]},{\"@type\":\"WebSite\",\"@id\":\"https:\\\/\\\/mysa-home.ch\\\/#website\",\"url\":\"https:\\\/\\\/mysa-home.ch\\\/\",\"name\":\"MYSA Home S\u00e0rl\",\"description\":\"\",\"publisher\":{\"@id\":\"https:\\\/\\\/mysa-home.ch\\\/#organization\"},\"potentialAction\":[{\"@type\":\"SearchAction\",\"target\":{\"@type\":\"EntryPoint\",\"urlTemplate\":\"https:\\\/\\\/mysa-home.ch\\\/?s={search_term_string}\"},\"query-input\":{\"@type\":\"PropertyValueSpecification\",\"valueRequired\":true,\"valueName\":\"search_term_string\"}}],\"inLanguage\":\"de\"},{\"@type\":\"Organization\",\"@id\":\"https:\\\/\\\/mysa-home.ch\\\/#organization\",\"name\":\"MYSA Home S\u00e0rl\",\"url\":\"https:\\\/\\\/mysa-home.ch\\\/\",\"logo\":{\"@type\":\"ImageObject\",\"inLanguage\":\"de\",\"@id\":\"https:\\\/\\\/mysa-home.ch\\\/#\\\/schema\\\/logo\\\/image\\\/\",\"url\":\"https:\\\/\\\/mysa-home.ch\\\/wp-content\\\/uploads\\\/sites\\\/8\\\/2023\\\/07\\\/logo-mysahome-negatif.svg\",\"contentUrl\":\"https:\\\/\\\/mysa-home.ch\\\/wp-content\\\/uploads\\\/sites\\\/8\\\/2023\\\/07\\\/logo-mysahome-negatif.svg\",\"width\":288,\"height\":154,\"caption\":\"MYSA Home S\u00e0rl\"},\"image\":{\"@id\":\"https:\\\/\\\/mysa-home.ch\\\/#\\\/schema\\\/logo\\\/image\\\/\"}}]}<\/script>\n<!-- \/ Yoast SEO plugin. -->","yoast_head_json":{"title":"VENDU - Studio dans une r\u00e9sidence de standing - MYSA Home S\u00e0rl","robots":{"index":"index","follow":"follow","max-snippet":"max-snippet:-1","max-image-preview":"max-image-preview:large","max-video-preview":"max-video-preview:-1"},"canonical":"https:\/\/mysa-home.ch\/immobilien\/1277110fr-vendu-studio-dans-une-residence-de-standing\/","og_locale":"de_DE","og_type":"article","og_title":"VENDU - Studio dans une r\u00e9sidence de standing - MYSA Home S\u00e0rl","og_description":"Studio avec balcon \u00e0 Crans-Montana","og_url":"https:\/\/mysa-home.ch\/immobilien\/1277110fr-vendu-studio-dans-une-residence-de-standing\/","og_site_name":"MYSA Home S\u00e0rl","article_modified_time":"2026-05-01T07:00:16+00:00","twitter_card":"summary_large_image","twitter_misc":{"Gesch\u00e4tzte Lesezeit":"1\u00a0Minute"},"schema":{"@context":"https:\/\/schema.org","@graph":[{"@type":"WebPage","@id":"https:\/\/mysa-home.ch\/immobilien\/1277110fr-vendu-studio-dans-une-residence-de-standing\/","url":"https:\/\/mysa-home.ch\/immobilien\/1277110fr-vendu-studio-dans-une-residence-de-standing\/","name":"VENDU - Studio dans une r\u00e9sidence de standing - MYSA Home S\u00e0rl","isPartOf":{"@id":"https:\/\/mysa-home.ch\/#website"},"primaryImageOfPage":{"@id":"https:\/\/mysa-home.ch\/immobilien\/1277110fr-vendu-studio-dans-une-residence-de-standing\/#primaryimage"},"image":{"@id":"https:\/\/mysa-home.ch\/immobilien\/1277110fr-vendu-studio-dans-une-residence-de-standing\/#primaryimage"},"thumbnailUrl":"https:\/\/cdn.casasoft.com\/media\/provider-13587\/property-1277110\/5265221e1d953576dbcc4fbf72a7ee87.jpeg?p=xl","datePublished":"2023-07-17T12:47:51+00:00","dateModified":"2026-05-01T07:00:16+00:00","breadcrumb":{"@id":"https:\/\/mysa-home.ch\/immobilien\/1277110fr-vendu-studio-dans-une-residence-de-standing\/#breadcrumb"},"inLanguage":"de","potentialAction":[{"@type":"ReadAction","target":["https:\/\/mysa-home.ch\/immobilien\/1277110fr-vendu-studio-dans-une-residence-de-standing\/"]}]},{"@type":"ImageObject","inLanguage":"de","@id":"https:\/\/mysa-home.ch\/immobilien\/1277110fr-vendu-studio-dans-une-residence-de-standing\/#primaryimage","url":"https:\/\/cdn.casasoft.com\/media\/provider-13587\/property-1277110\/5265221e1d953576dbcc4fbf72a7ee87.jpeg?p=xl","contentUrl":"https:\/\/cdn.casasoft.com\/media\/provider-13587\/property-1277110\/5265221e1d953576dbcc4fbf72a7ee87.jpeg?p=xl"},{"@type":"BreadcrumbList","@id":"https:\/\/mysa-home.ch\/immobilien\/1277110fr-vendu-studio-dans-une-residence-de-standing\/#breadcrumb","itemListElement":[{"@type":"ListItem","position":1,"name":"Startseite","item":"https:\/\/mysa-home.ch\/de\/"},{"@type":"ListItem","position":2,"name":"Immobilien","item":"https:\/\/mysa-home.ch\/immobilien\/"},{"@type":"ListItem","position":3,"name":"VENDU &#8211; Studio dans une r\u00e9sidence de standing"}]},{"@type":"WebSite","@id":"https:\/\/mysa-home.ch\/#website","url":"https:\/\/mysa-home.ch\/","name":"MYSA Home S\u00e0rl","description":"","publisher":{"@id":"https:\/\/mysa-home.ch\/#organization"},"potentialAction":[{"@type":"SearchAction","target":{"@type":"EntryPoint","urlTemplate":"https:\/\/mysa-home.ch\/?s={search_term_string}"},"query-input":{"@type":"PropertyValueSpecification","valueRequired":true,"valueName":"search_term_string"}}],"inLanguage":"de"},{"@type":"Organization","@id":"https:\/\/mysa-home.ch\/#organization","name":"MYSA Home S\u00e0rl","url":"https:\/\/mysa-home.ch\/","logo":{"@type":"ImageObject","inLanguage":"de","@id":"https:\/\/mysa-home.ch\/#\/schema\/logo\/image\/","url":"https:\/\/mysa-home.ch\/wp-content\/uploads\/sites\/8\/2023\/07\/logo-mysahome-negatif.svg","contentUrl":"https:\/\/mysa-home.ch\/wp-content\/uploads\/sites\/8\/2023\/07\/logo-mysahome-negatif.svg","width":288,"height":154,"caption":"MYSA Home S\u00e0rl"},"image":{"@id":"https:\/\/mysa-home.ch\/#\/schema\/logo\/image\/"}}]}},"_links":{"self":[{"href":"https:\/\/mysa-home.ch\/de\/wp-json\/wp\/v2\/casawp_property\/56062","targetHints":{"allow":["GET"]}}],"collection":[{"href":"https:\/\/mysa-home.ch\/de\/wp-json\/wp\/v2\/casawp_property"}],"about":[{"href":"https:\/\/mysa-home.ch\/de\/wp-json\/wp\/v2\/types\/casawp_property"}],"replies":[{"embeddable":true,"href":"https:\/\/mysa-home.ch\/de\/wp-json\/wp\/v2\/comments?post=56062"}],"version-history":[{"count":0,"href":"https:\/\/mysa-home.ch\/de\/wp-json\/wp\/v2\/casawp_property\/56062\/revisions"}],"wp:featuredmedia":[{"embeddable":true,"href":"https:\/\/mysa-home.ch\/de\/wp-json\/wp\/v2\/media\/56063"}],"wp:attachment":[{"href":"https:\/\/mysa-home.ch\/de\/wp-json\/wp\/v2\/media?parent=56062"}],"wp:term":[{"taxonomy":"casawp_category","embeddable":true,"href":"https:\/\/mysa-home.ch\/de\/wp-json\/wp\/v2\/casawp_category?post=56062"},{"taxonomy":"casawp_feature","embeddable":true,"href":"https:\/\/mysa-home.ch\/de\/wp-json\/wp\/v2\/casawp_feature?post=56062"},{"taxonomy":"casawp_utility","embeddable":true,"href":"https:\/\/mysa-home.ch\/de\/wp-json\/wp\/v2\/casawp_utility?post=56062"},{"taxonomy":"casawp_location","embeddable":true,"href":"https:\/\/mysa-home.ch\/de\/wp-json\/wp\/v2\/casawp_location?post=56062"},{"taxonomy":"casawp_salestype","embeddable":true,"href":"https:\/\/mysa-home.ch\/de\/wp-json\/wp\/v2\/casawp_salestype?post=56062"},{"taxonomy":"casawp_availability","embeddable":true,"href":"https:\/\/mysa-home.ch\/de\/wp-json\/wp\/v2\/casawp_availability?post=56062"},{"taxonomy":"casawp_region","embeddable":true,"href":"https:\/\/mysa-home.ch\/de\/wp-json\/wp\/v2\/casawp_region?post=56062"}],"curies":[{"name":"wp","href":"https:\/\/api.w.org\/{rel}","templated":true}]}}

VENDU &#8211; Studio dans une résidence de standing

<h2>Studio avec balcon</h2>
<p><strong>RESIDENCE SECONDAIRE </strong></p>
<p>Ce studio avec balcon, orienté plein sud, se situe dans une résidence de standing avec piscine, sauna et terrain de tennis.</p>
<p>Il bénéficie d&#8217;une vue sur les alpes valaisannes et d&#8217;un ensoleillement optimal toute l&#8217;année.</p>
<p>Les pistes de ski et le centre de Crans-Montana ne sont qu&#8217;à quelques minutes.</p>
<p>Actuellement, cet objet communique avec un autre appartement. Quelques petits aménagements sont nécessaires pour pouvoir profiter de cet appartement et de tous ses avantages.</p>
<p>Le studio est vendu avec un casier à ski et une cave.</p>
<p>L&#8217;immeuble a été entretenu régulièrement et le fonds de rénovation est conséquent.</p>
<p>Les charges PPE y compris l&#8217;attribution au fonds de rénovation sont d&#8217;environ CHF 188.-/mois.</p>
<p>Cet objet est un pied-à-terre parfait pour profiter de toutes les activités alpines de la station.</p>
<p> </p>
<p> </p>
<p> </p>
<p> </p>
<p> </p>
<p> </p>

<p>Studio avec balcon à Crans-Montana</p>

<!-- This site is optimized with the Yoast SEO plugin v27.4 - https://yoast.com/product/yoast-seo-wordpress/ -->
<title>VENDU - Studio dans une résidence de standing - MYSA Home Sàrl</title>
<meta name="robots" content="index, follow, max-snippet:-1, max-image-preview:large, max-video-preview:-1" />
<link rel="canonical" href="https://mysa-home.ch/immobilien/1277110fr-vendu-studio-dans-une-residence-de-standing/" />
<meta property="og:locale" content="de_DE" />
<meta property="og:type" content="article" />
<meta property="og:title" content="VENDU - Studio dans une résidence de standing - MYSA Home Sàrl" />
<meta property="og:description" content="Studio avec balcon à Crans-Montana" />
<meta property="og:url" content="https://mysa-home.ch/immobilien/1277110fr-vendu-studio-dans-une-residence-de-standing/" />
<meta property="og:site_name" content="MYSA Home Sàrl" />
<meta property="article:modified_time" content="2026-05-01T07:00:16+00:00" />
<meta name="twitter:card" content="summary_large_image" />
<meta name="twitter:label1" content="Geschätzte Lesezeit" />
	<meta name="twitter:data1" content="1 Minute" />
<script type="application/ld+json" class="yoast-schema-graph">{"@context":"https:\/\/schema.org","@graph":[{"@type":"WebPage","@id":"https:\/\/mysa-home.ch\/immobilien\/1277110fr-vendu-studio-dans-une-residence-de-standing\/","url":"https:\/\/mysa-home.ch\/immobilien\/1277110fr-vendu-studio-dans-une-residence-de-standing\/","name":"VENDU - Studio dans une résidence de standing - MYSA Home Sàrl","isPartOf":{"@id":"https:\/\/mysa-home.ch\/#website"},"primaryImageOfPage":{"@id":"https:\/\/mysa-home.ch\/immobilien\/1277110fr-vendu-studio-dans-une-residence-de-standing\/#primaryimage"},"image":{"@id":"https:\/\/mysa-home.ch\/immobilien\/1277110fr-vendu-studio-dans-une-residence-de-standing\/#primaryimage"},"thumbnailUrl":"https:\/\/cdn.casasoft.com\/media\/provider-13587\/property-1277110\/5265221e1d953576dbcc4fbf72a7ee87.jpeg?p=xl","datePublished":"2023-07-17T12:47:51+00:00","dateModified":"2026-05-01T07:00:16+00:00","breadcrumb":{"@id":"https:\/\/mysa-home.ch\/immobilien\/1277110fr-vendu-studio-dans-une-residence-de-standing\/#breadcrumb"},"inLanguage":"de","potentialAction":[{"@type":"ReadAction","target":["https:\/\/mysa-home.ch\/immobilien\/1277110fr-vendu-studio-dans-une-residence-de-standing\/"]}]},{"@type":"ImageObject","inLanguage":"de","@id":"https:\/\/mysa-home.ch\/immobilien\/1277110fr-vendu-studio-dans-une-residence-de-standing\/#primaryimage","url":"https:\/\/cdn.casasoft.com\/media\/provider-13587\/property-1277110\/5265221e1d953576dbcc4fbf72a7ee87.jpeg?p=xl","contentUrl":"https:\/\/cdn.casasoft.com\/media\/provider-13587\/property-1277110\/5265221e1d953576dbcc4fbf72a7ee87.jpeg?p=xl"},{"@type":"BreadcrumbList","@id":"https:\/\/mysa-home.ch\/immobilien\/1277110fr-vendu-studio-dans-une-residence-de-standing\/#breadcrumb","itemListElement":[{"@type":"ListItem","position":1,"name":"Startseite","item":"https:\/\/mysa-home.ch\/de\/"},{"@type":"ListItem","position":2,"name":"Immobilien","item":"https:\/\/mysa-home.ch\/immobilien\/"},{"@type":"ListItem","position":3,"name":"VENDU &#8211; Studio dans une résidence de standing"}]},{"@type":"WebSite","@id":"https:\/\/mysa-home.ch\/#website","url":"https:\/\/mysa-home.ch\/","name":"MYSA Home Sàrl","description":"","publisher":{"@id":"https:\/\/mysa-home.ch\/#organization"},"potentialAction":[{"@type":"SearchAction","target":{"@type":"EntryPoint","urlTemplate":"https:\/\/mysa-home.ch\/?s={search_term_string}"},"query-input":{"@type":"PropertyValueSpecification","valueRequired":true,"valueName":"search_term_string"}}],"inLanguage":"de"},{"@type":"Organization","@id":"https:\/\/mysa-home.ch\/#organization","name":"MYSA Home Sàrl","url":"https:\/\/mysa-home.ch\/","logo":{"@type":"ImageObject","inLanguage":"de","@id":"https:\/\/mysa-home.ch\/#\/schema\/logo\/image\/","url":"https:\/\/mysa-home.ch\/wp-content\/uploads\/sites\/8\/2023\/07\/logo-mysahome-negatif.svg","contentUrl":"https:\/\/mysa-home.ch\/wp-content\/uploads\/sites\/8\/2023\/07\/logo-mysahome-negatif.svg","width":288,"height":154,"caption":"MYSA Home Sàrl"},"image":{"@id":"https:\/\/mysa-home.ch\/#\/schema\/logo\/image\/"}}]}</script>
<!-- / Yoast SEO plugin. -->

VENDU - Studio dans une résidence de standing - MYSA Home Sàrl

Studio avec balcon à Crans-Montana

MYSA Home Sàrl
